
-1010111000010101110100
In base 12, what is 28 + 1a06817?
1a06843
In base 11, what is -38a48 - -1a6?
-38852
In base 11, what is -72 + -118aaaa?
-1190071
In base 5, what is 131143 - -102424?
234122
In base 8, what is 5772 - -6442?
14434
In base 16, what is ca043 + -9?
ca03a
In base 6, what is -220015440 + 153?
-220015243
In base 6, what is -1130203215 + -3?
-1130203222
In base 16, what is -2207d9b6 - 3?
-2207d9b9
In base 15, what is -138ee59 - -3?
-138ee56
In base 12, what is -bb21 + -44b?
-10370
In base 7, what is 36603 + 106102?
146005
In base 12, what is 1898 - 1493?
405
In base 3, what is -222111120212 - 112?
-222111121101
In base 6, what is -4512 + -303002?
-311514
In base 10, what is -75 - 346952?
-347027
In base 15, what is -51096d9 + -3?
-51096dc
In base 6, what is 305313222 - -3?
305313225
In base 11, what is 538 - -627747?
628184
In base 15, what is -ee2c + 5a6?
-e876
In base 16, what is -7b + 38d0aa?
38d02f
In base 11, what is 93 + -48497?
-48404
In base 5, what is 3223322404 + -43?
3223322311
In base 8, what is -7 - -7002645?
7002636
In base 5, what is 22243 - 122242?
-44444
In base 16, what is -1 + 9d283a?
9d2839
In base 9, what is 1721433 - 1246?
1720176
In base 5, what is -14 + 303041040?
303041021
In base 7, what is -144 + 4400214?
4400040
In base 5, what is -21313040 + 344?
-21312141
In base 16, what is -6bfc89 - 4b?
-6bfcd4
In base 10, what is -72544 + 381?
-72163
In base 9, what is 10157 + 12?
10170
In base 5, what is -1300143 + 43311?
-1201332
In base 15, what is -3 - -940ac1?
940abd
In base 13, what is 494b - 73cb?
-2780
In base 8, what is 50261 + -15025?
33234
In base 13, what is 1566cc + 3?
156702
In base 10, what is 0 - -4599149?
4599149
In base 6, what is -4412403 - 25?
-4412432
In base 12, what is 53 + 1b0585?
1b0618
In base 8, what is 3043 - 12600?
-7535
In base 3, what is 1210 - -11210012221?
11210021201
In base 15, what is 1 + 28deec?
28deed
In base 14, what is -11 - -b37d2b?
b37d1a
In base 13, what is -c93517 + 4?
-c93513
In base 16, what is -5b + -1f5da?
-1f635
In base 16, what is -212092c2 + 1?
-212092c1
In base 4, what is -3 - 21123201112?
-21123201121
In base 8, what is 14 - 42342310?
-42342274
In base 13, what is 92b + 3ac36?
3b864
In base 13, what is b1a558 + -64?
b1a4c4
In base 5, what is -111 + -34443123?
-34443234
In base 14, what is -1ca - 17d52?
-1813c
In base 12, what is -2b1 + 24a409?
24a118
In base 8, what is 16551142 - 2?
16551140
In base 10, what is -5 - 2211178?
-2211183
In base 11, what is 111931 - -109?
111a3a
In base 6, what is 1222243453 + 5?
1222243502
In base 5, what is 31043 + -102030?
-20432
In base 5, what is -1 - -23132210?
23132204
In base 12, what is 8 - -2228ba82?
2228ba8a
In base 6, what is 510 + -12015232?
-12014322
In base 6, what is -32 + 441521020?
441520544
In base 12, what is b1 + -3aa657?
-3aa566
In base 4, what is 111 + 1220223312?
1220230023
In base 7, what is -41 + -130456266?
-130456340
In base 2, what is -1011010 + -1110011000011111?
-1110011001111001
In base 7, what is -2252 + 16056?
13504
In base 7, what is -432424 - 2522?
-435246
In base 12, what is -335707 + -4a?
-335755
In base 3, what is 110 - -2220201120210002?
2220201120210112
In base 11, what is 49a2a370 - 5?
49a2a366
In base 14, what is 25892 - 3c3?
254ad
In base 7, what is 32606065 - 2?
32606063
In base 11, what is 501a - 2aaaa?
-25a90
In base 14, what is -1 + 1b290b05?
1b290b04
In base 4, what is 1 + -123020031302?
-123020031301
In base 16, what is 8e7 + -14d3f?
-14458
In base 13, what is 1860 + 22173?
23a03
In base 4, what is 1103310200301 + 0?
1103310200301
In base 13, what is -15 + -12a37c?
-12a394
In base 3, what is 1020 + -1110110100020?
-1110110022000
In base 6, what is -44 - -1114400001?
1114355513
In base 8, what is -3644314 + -524?
-3645040
In base 5, what is 32110113 - 10?
32110103
In base 15, what is 57e2 - -15?
5807
In base 2, what is 101100101101000 - -10110111001?
101111100100001
In base 12, what is 3b4 - -9885?
a079
In base 10, what is -2530 - 456?
-2986
In base 4, what is -10320000 + 11123232?
203232
In base 9, what is -63648554 - 5?
-63648560
In base 5, what is 12 + -421403141?
-421403124
In base 16, what is -3e1 + -aee?
-ecf
In base 11, what is 3 + -4a164a78?
-4a164a75
In base 7, what is -41655 - 3156?
-45144
In base 13, what is -4bb6 - -24b8?
-26cb
In base 8, what is 1000153 - 23?
1000130
In base 15, what is -d + -3e864?
-3e872
In base 4, what is 312322121123 + 2?
312322121131
In base 6, what is 11451324 + -534?
11450350
In base 16, what is e61c3 + -8b?
e6138
In base 4, what is -3 + -3223221003333?
-3223221010002
In base 4, what is -3002332023003 - 3?
-3002332023012
In base 12, what is -257b94b - -10?
-257b93b
In base 3, what is 1101 + 1210111111010?
1210111112111
In base 5, what is 2 + 1124012211?
1124012213
In base 5, what is 302 + 220101413?
220102220
In base 2, what is 11011100101101111 - 1000010?
11011100100101101
In base 6, what is -1234 + 3515555?
3514321
In base 14, what is -275c - -2d?
-272d
In base 10, what is 5936528 + -59?
5936469
In base 11, what is -66 + 12923?
12868
In base 3, what is -122221202 - -121122?
-122100010
In base 2, what is 100001101101 - 100010100111001?
-11110011001100
In base 14, what is -2 + 700b87?
700b85
In base 13, what is 760448a + -1?
7604489
In base 10, what is -3 - 1543639?
-1543642
In base 9, what is 4 - -230307785?
230307800
In base 3, what is 122 + 1002102011222021?
1002102011222220
In base 15, what is 20834b - 17?
208334
In base 12, what is -429907 - -176?
-429751
In base 5, what is 1242 + 12130204?
12132001
In base 8, what is -15115122 - 4?
-15115126
In base 8, what is -5 + -215321037?
-215321044
In base 2, what is -110110000000 - -1110101110?
-100111010010
In base 12, what is -226 - 1b68a?
-1b8b4
In base 3, what is 1100202 + 1210101200?
1211202102
In base 3, what is -112211211110 + 1022?
-112211210011
In base 4, what is 1113032 - -13003023?
20122121
In base 16, what is 0 + -1aa79c0?
-1aa79c0
In base 8, what is -2417010 - -60?
-2416730
In base 9, what is 2165326371 - 2?
2165326368
In base 11, what is -29a199 + 1?
-29a198
In base 6, what is 11111020 - 12?
11111004
In base 12, what is -899 + 9a184?
994a7
In base 15, what is 1 - -53144a7?
53144a8
In base 3, what is -220000 + 110001022?
102011022
In base 2, what is 1010110100001111011011 - 1000000?
1010110100001110011011
In base 2, what is -10110100110101001111 - 10101001?
-10110100110111111000
In base 2, what is -10 + -1010110110000110011001?
-1010110110000110011011
In base 6, what is 101404 + 550340?
1052144
In base 14, what is -15466 - 17d?
-15605
In base 5, what is -24003331104 - -1?
-24003331103
In base 11, what is -80 + 61147?
61077
In base 7, what is 1405 - -255303?
260011
In base 6, what is 325012 - 545?
324023
In base 6, what is -2 - -403324534?
403324532
In base 14, what is 170d851 - -1d?
170d870
In base 11, what is -61 - -6087a67?
6087a06
In base 6, what is -1242231412 + 1?
-1242231411
In base 5, what is -104 + 12403131344?
12403131240
In base 14, what is -27c0 + -499?
-2c79
In base 16, what is -5 - -42f45c?
42f457
In base 7, what is 1123351 - 3?
1123345
In base 4, what is 13 - -11023000110?
11023000123
In base 4, what is -202 + 3221030?
3220222
In base 3, what is 20 + 10000110122102?
10000110122122
In base 8, what is 37526 - 2251?
35255
In base 15, what is -8b + 12de1d?
12dd82
In base 7, what is 0 - 63523312?
-63523312
In base 16, what is 5a90c + -12db?
59631
In base 6, what is -5123241540 - -15?
-5123241521
In base 13, what is 2 + -208316b?
-2083169
In base 14, what is -4ca8a + -dd4?
-4da80
In base 6, what is -11404352310 - 13?
-11404352323
In base 3, what is 21 - -12002022202?
12002100000
In base 3, what is -120212020220 - -12220?
-120212001000
In base 14, what is -c8 + -13465?
-1354d
In base 14, what is -14920 - c?
-1492c
In base 15, what is -c8d54 + -5?
-c8d59
In base 2, what is 110110100110010 + 111?
110110100111001
In base 5, what is 12322032 - 424?
12321103
In base 8, what is 201677310 + -1?
201677307
In base 6, what is -2232125 + -535?
-2233104
In base 11, what is -9653a30 + -5?
-9653a35
In base 13, what is 112433 + 0?
112433
In base 12, what is -15b2363 + 9b?
-15b2284
In base 15, what is -718a33 - e?
-718a42
In base 3, what is -1 + 1002100111100?
1002100111022
In base 11, what 